02
In base 6, what is 25 + -521?
-452
In base 14, what is 2 + 56?
58
In base 11, what is -36 - 2?
-38
In base 9, what is -5 - 143?
-148
In base 11, what is -30 + 11?
-1a
In base 12, what is -3 - 53?
-56
In base 13, what is b2 - -54?
136
In base 6, what is 554 + 1?
555
In base 14, what is -9 + -15a?
-165
In base 14, what is -5 + -74?
-79
In base 6, what is 4 - -203?
211
In base 6, what is 0 - 5344?
-5344
In base 12, what is 0 + 1501?
1501
In base 14, what is -17 + -89?
-a2
In base 5, what is 1102 - -2?
1104
In base 10, what is -5 + 2520?
2515
In base 2, what is -1 - -10100100?
10100011
In base 14, what is -3 - -26b?
268
In base 12, what is -6 - -7?
1
In base 7, what is -152 - 5?
-160
In base 6, what is -5 + 42?
33
In base 16, what is -ec + -1b?
-107
In base 16, what is 2 + 18d?
18f
In base 14, what is -4 - -1c?
18
In base 5, what is -1 + 2122?
2121
In base 15, what is -19b + 0?
-19b
In base 16, what is 7 - -d3?
da
In base 10, what is -2249 + -4?
-2253
In base 6, what is 5 - -1451?
1500
In base 8, what is -2 - -5611?
5607
In base 11, what is 4 - -147?
150
In base 15, what is 0 - 166?
-166
In base 14, what is -39 + -7d?
-b8
In base 4, what is 2 + 20233?
20301
In base 7, what is 6 - 4?
2
In base 4, what is -2131 - 2?
-2133
In base 11, what is 73 - -8?
80
In base 14, what is -d - -10?
1
In base 6, what is -4 - 132?
-140
In base 5, what is -3 + 12014?
12011
In base 6, what is -2053 - -2?
-2051
In base 5, what is -144142 + 2?
-144140
In base 15, what is -3b2 + 11?
-3a1
In base 11, what is 36 - -404?
43a
In base 2, what is -10011 + -1001?
-11100
In base 14, what is -33 - 10?
-43
In base 8, what is 1 - -2442?
2443
In base 9, what is -3 - -821?
817
In base 15, what is 5 - 168?
-163
In base 6, what is -15 - 41?
-100
In base 16, what is -3 - -e?
b
In base 13, what is a - 3?
7
In base 14, what is 3 - 50?
-4b
In base 15, what is 47 - 4?
43
In base 12, what is -4b - 10?
-5b
In base 13, what is -5 - -a?
5
In base 16, what is 136 - 1?
135
In base 3, what is -11 - 1110?
-1121
In base 7, what is -2 - -10054?
10052
In base 8, what is -5 + -402?
-407
In base 2, what is -100 - -10101?
10001
In base 4, what is 0 - 0?
0
In base 8, what is 1561 + -2?
1557
In base 8, what is -41 - 35?
-76
In base 11, what is 135 + -13?
122
In base 8, what is -1 + -13304?
-13305
In base 7, what is 1 - -2462?
2463
In base 15, what is 16e + -1e?
150
In base 13, what is 1c2 - 7?
1b8
In base 13, what is -2 + -58?
-5a
In base 10, what is -315 - 5?
-320
In base 13, what is -16 + 0?
-16
In base 15, what is -1e8 + 19?
-1ce
In base 15, what is -c + 28?
1b
In base 14, what is 1c + -3?
19
In base 7, what is 146 + 3?
152
In base 5, what is -2 - 1103?
-1110
In base 8, what is 2053 - 0?
2053
In base 16, what is -1d54 - -4?
-1d50
In base 11, what is 0 - -792?
792
In base 7, what is 5051 - -4?
5055
In base 6, what is -452 + -231?
-1123
In base 10, what is 2 - 5396?
-5394
In base 9, what is -1 - 36?
-37
In base 8, what is -1450 + 0?
-1450
In base 4, what is -30 - -113030?
113000
In base 3, what is 222012 + -11?
222001
In base 3, what is 1 - -22?
100
In base 15, what is -a + 1?
-9
In base 14, what is cb - 1?
ca
In base 12, what is -22 + 184?
162
In base 15, what is b + -5?
6
In base 9, what is 214 + -24?
180
In base 3, what is 0 - 1212?
-1212
In base 7, what is 1 + -4?
-3
In base 13, what is 127 - -a?
134
In base 4, what is -111 - -1200?
1023
In base 2, what is -1 - 10101001?
-10101010
In base 16, what is -1b + 17?
-4
In base 9, what is -15 - -14?
-1
In base 8, what is 15 + 36?
53
In base 11, what is -68 + 4?
-64
In base 5, what is -1 + -144433?
-144434
In base 15, what is 7c - -7?
84
In base 10, what is 7 + -341?
-334
In base 10, what is 7 - -51?
58
In base 14, what is 17 - 32?
-19
In base 10, what is 9 - -408?
417
In base 4, what is -1000113 - -11?
-1000102
In base 13, what is 134 - -1?
135
In base 10, what is 21 - 89?
-68
In base 4, what is 0 + 1132?
1132
In base 5, what is 10033 - -121?
10204
In base 7, what is 50 + 36?
116
In base 5, what is -21 + 4?
-12
In base 12, what is -4 + 15?
11
In base 9, what is -306 - 1?
-307
In base 6, what is 5 - -31?
40
In base 12, what is -20 - 4?
-24
In base 2, what is -1001110110 - 10?
-1001111000
In base 11, what is -8 + 9?
1
In base 5, what is 1 + 22021?
22022
In base 7, what is -1220 - 10?
-1230
In base 2, what is -10011 + 10?
-10001
In base 2, what is 0 + 110110?
110110
In base 13, what is 0 + 74c?
74c
In base 13, what is -3 - 178?
-17b
In base 2, what is 10 + 1000001100?
1000001110
In base 14, what is -23 - -17?
-a
In base 12, what is -239 - 2?
-23b
In base 9, what is 124 - -300?
424
In base 9, what is -4 - 106?
-111
In base 6, what is -455 - -5?
-450
In base 13, what is b - 14?
-6
In base 9, what is 300 + 3?
303
In base 10, what is -408 + 1?
-407
In base 14, what is -5 + 35?
30
In base 15, what is -15 - 10?
-25
In base 4, what is -13021 - -10?
-13011
In base 4, what is 3 - 33000?
-32331
In base 10, what is -22 - -17?
-5
In base 9, what is 30 + 13?
43
In base 8, what is 741 + -14?
725
In base 15, what is 1a - -104?
11e
In base 14, what is 2 + 5c?
60
In base 14, what is -1 - 625?
-626
In base 13, what is 3 + 26ab?
26b1
In base 2, what is -10 - 1100?
-1110
In base 8, what is 5 - -27?
34
In base 16, what is -1 + -21d?
-21e
In base 13, what is b - 4?
7
In base 8, what is -734 - -2?
-732
In base 8, what is 1 - 10365?
-10364
In base 6, what is -105 - 1?
-110
In base 15, what is -292b + -3?
-292e
In base 7, what is -10 + 146?
136
In base 12, what is 12 + 36?
48
In base 12, what is 4 + -373b?
-3737
In base 9, what is 10 - -231?
241
In base 16, what is -28 + 2a?
2
In base 3, what is -21222 + -2?
-22001
In base 11, what is 3 - 1089?
-1086
In base 4, what is -1011 + -112?
-1123
In base 12, what is -b - 64?
-73
In base 8, what is 3374 + -2?
3372
In base 12, what is -2 + ab?
a9
In base 12, what is -12 + -7b?
-91
In base 16, what is 17 + 26?
3d
In base 16, what is 4e61 + 5?
4e66
In base 15, what is -8 - 2d?
-36
In base 16, what is -3cb - -2?
-3c9
In base 12, what is -15607 - 0?
-15607
In base 7, what is -4 - -3664?
3660
In base 15, what is 66 + 5?
6b
In base 8, what is 4 + -1521?
-1515
In base 2, what is -10111 - -1?
-10110
In base 10, what is 11 + -180?
-169
In base 9, what is 75 + -13?
62
In base 7, what is -13412 - 1?
-13413
In base 7, what is -5 + 42?
34
In base 2, what is -1 + 1001101?
1001100
In base 8, what is 1177 - 1?
1176
In base 10, what is 11 - -5?
16
In base 4, what is -1200 + 10?
-1130
In base 2, what is -110000110 - 11?
-110001001
In base 13, what is -9 - -217?
20b
In base 12, what is 4 - -203?
207
In base 5, what is 3 + -424?
-421
In base 2, what is 10 + -100100?
-100010
In base 12, what is -135 - 9?
-142
In base 5, what is -22 + 1030?
1003
In base 7, what is 0 + 14621?
14621
In base 9, what is -206 - -7?
-188
In base 12, what is -58 + 2?
-56
In base 13, what is a + b1?
bb
In base 6, what is -4 - 1100?
-1104
In base 2, what is -101111 - 100?
-110011
In base 14, what is 6ad - -6?
6b5
In base 2, what is -11 - -1111?
1100
In base 7, what is 3463 - -4?
3500
In base 4, what is 2 + 1003?
1011
In base 16, what is 7d2 - 3?
7cf
In base 11, what is -312 - -1?
-311
In base 7, what is -10 - -6?
-1
In base 10, what is 2904 + -3?
2901
In base 12, what is 309 - -5?
312
In base 2, what is -1000 + 1000010?
111010
In base 6, what is -4 - -10223?
10215
In base 14, what is 4 - -19?
1d
In base 4, what is -12 + 10121?
10103
In base 8, what is 0 + 307?
307
In base 14, what is 3 + -31?
-2c
In base 7, what is 336 - -4?
343
In base 15, what is 11 + 2?
13
In base 16, what is 0 + 6a?
6a
In base 7, what is -45 + -11?
-56
In base 9, what is 388 + 0?
388
In base 3, what is 1 + 1100?
1101
In base 7, what is -316 - 126?
-445
In base 10, what is 4 - 315?
-311
In base 9, what is -3702 - -2?
-3700
In base 11, what is 4 - -8a?
93
In base 10, what is 344 - -3?
347
In base 2, what is 11000 - -111011?
1010011
In base 9, what is 83 + 7?
101
In base 5, what is -11130 + 2?
-11123
In base 7, what is 234 + 251?
515
In base 7, what is -3 - 1246?
-1252
In base 5, what is 232203 + 1?
232204
In base 9, what is -48 + 11?
-37
In base 5, what is 103 - 20?
33
In base 9, what is -3356 + 4?
-3352
In base 14, what is 8 + 355?
35d
In base 11, what is 27 - -5?
31
In base 4, what is 11 - 322?
-311
In base 12, wha